 92?
True
Is 37 a factor of 1055897816?
False
Is 12 a factor of 4122432?
True
Is 36 a factor of 11500424?
False
Is 266 a factor of 363944392?
True
Does 231 divide 241959564?
True
Does 31 divide 188478760?
True
Is 9136040 a multiple of 12?
False
Does 13 divide 60654247?
False
Is 1310304299 a multiple of 43?
True
Is 2 a factor of 609895313?
False
Is 11843 a factor of 1079276276?
True
Is 121199726 a multiple of 275?
False
Is 32 a factor of 1026545404?
False
Does 12 divide 96174734?
False
Is 10 a factor of 170137130?
True
Is 7 a factor of 137559535?
False
Is 118266340 a multiple of 860?
True
Does 13 divide 496284048?
True
Is 190937954 a multiple of 38?
True
Is 4172 a factor of 17562400?
False
Does 2 divide 7303337?
False
Is 2382 a factor of 28093308?
True
Is 3 a factor of 680102612?
False
Does 14 divide 34784089?
False
Is 629028564 a multiple of 2294?
True
Is 26 a factor of 605800817?
False
Is 22115245 a multiple of 305?
True
Does 1716 divide 919281070?
False
Does 114 divide 36593316?
True
Is 145315575 a multiple of 75?
True
Is 6 a factor of 11733846?
True
Does 150 divide 23111100?
True
Is 418 a factor of 1001897733?
False
Is 19747665 a multiple of 288?
False
Is 16800328 a multiple of 8?
True
Is 2583762 a multiple of 438?
True
Is 683 a factor of 22627107?
True
Is 305572647 a multiple of 263?
False
Does 2815 divide 129777130?
True
Does 8 divide 35645432?
True
Does 9 divide 19925298?
True
Is 603721126 a multiple of 21?
False
Is 1433 a factor of 69938998?
True
Is 137445108 a multiple of 166?
False
Is 170516228 a multiple of 61?
True
Is 261 a factor of 15693408?
True
Does 291 divide 694159257?
True
Is 46408127 a multiple of 9?
False
Is 91 a factor of 2158975?
True
Is 157 a factor of 7793248?
False
Is 16 a factor of 69906969?
False
Is 13400968 a multiple of 61?
True
Does 9 divide 342587259?
True
Is 1107 a factor of 212449949?
False
Does 2450 divide 650239800?
True
Is 2656249390 a multiple of 790?
True
Is 149 a factor of 659168007?
False
Is 327 a factor of 41888700?
True
Is 266353088 a multiple of 255?
False
Does 20 divide 57119487?
False
Is 21938506 a multiple of 1244?
False
Does 2 divide 249007030?
True
Is 20214262 a multiple of 24?
False
Does 1297 divide 669451308?
False
Is 464787960 a multiple of 3640?
True
Does 1913 divide 30458786?
True
Is 136340170 a multiple of 62?
True
Does 105 divide 60516235?
False
Does 6 divide 8828374?
False
Is 218 a factor of 664180818?
True
Is 93973213 a multiple of 3?
False
Is 1366 a factor of 2868713378?
True
Does 9 divide 101995184?
False
Does 1642 divide 599305370?
True
Is 5550116 a multiple of 124?
True
Does 144 divide 186372432?
True
Is 61 a factor of 2951874701?
False
Does 89 divide 38294136?
False
Is 261 a factor of 6724530?
False
Does 80 divide 269934560?
True
Is 13941506 a multiple of 553?
False
Does 21 divide 23273733?
True
Is 3736 a factor of 139599059?
False
Does 99 divide 375252867?
True
Is 9 a factor of 153125163?
True
Is 892925059 a multiple of 221?
False
Is 50487960 a multiple of 255?
True
Is 940 a factor of 90243760?
True
Does 864 divide 339988320?
True
Is 183 a factor of 26120322?
True
Does 467 divide 324458524?
True
Is 135 a factor of 544725?
True
Is 1153 a factor of 24719167?
True
Is 20021503 a multiple of 28?
False
Does 2 divide 3765548?
True
Is 6 a factor of 140074681?
False
Is 2584389141 a multiple of 30?
False
Is 825014 a multiple of 253?
False
Is 45952102 a multiple of 19?
False
Does 14 divide 49126994?
True
Does 134 divide 49615108?
True
Is 387387000 a multiple of 3250?
True
Is 11 a factor of 467089051?
True
Does 2927 divide 106812084?
True
Is 3699 a factor of 12902112?
True
Is 4289 a factor of 1220434950?
True
Does 374 divide 20306704?
True
Does 37 divide 71734823?
True
Does 201 divide 538222926?
True
Is 552875020 a multiple of 34?
True
Is 22 a factor of 165920150?
True
Is 28995498 a multiple of 15?
False
Is 36616460 a multiple of 362?
False
Is 93 a factor of 2632297?
False
Is 38 a factor of 341446720?
True
Is 27928496 a multiple of 1503?
False
Is 286901495 a multiple of 42?
False
Does 2 divide 39797034?
True
Is 323 a factor of 20860309?
True
Is 6 a factor of 86414952?
True
Does 13 divide 100069918?
True
Is 758 a factor of 119479609?
False
Is 364 a factor of 225528940?
True
Is 1356658534 a multiple of 782?
False
Is 139 a factor of 146254637?
False
Is 1110 a factor of 2756962500?
True
Is 560 a factor of 73584116?
False
Is 59356049 a multiple of 4?
False
Is 659 a factor of 29049379?
True
Does 6428 divide 2888345222?
False
Is 186 a factor of 130790780?
False
Is 44083917 a multiple of 3?
True
Is 818 a factor of 39584656?
True
Does 12 divide 755465484?
True
Does 5238 divide 7215801561?
False
Does 1490 divide 52421711?
False
Does 325 divide 428548977?
False
Does 33 divide 2062408083?
False
Is 334043985 a multiple of 1095?
True
Is 30 a factor of 33650718?
False
Does 16 divide 2358584881?
False
Is 42 a factor of 90110958?
True
Does 378 divide 32529168?
True
Does 89 divide 1992248268?
True
Is 8964 a factor of 536801565?
False
Is 8 a factor of 24237790?
False
Does 323 divide 2302544589?
False
Does 96 divide 1995540768?
True
Is 10 a factor of 2561125?
False
Is 23 a factor of 16870891?
True
Is 8202 a factor of 4900483667?
False
Is 114022701 a multiple of 67?
False
Is 229703099 a multiple of 11?
False
Does 349 divide 56923670?
False
Does 96 divide 4641737280?
True
Does 50 divide 2567314700?
True
Is 13 a factor of 22628281?
True
Is 34 a factor of 50393312?
False
Is 7155100 a multiple of 33?
False
Is 1177 a factor of 17669124?
True
Does 273 divide 3230266661?
False
Does 14 divide 3294940740?
True
Is 10 a factor of 1985165984?
False
Is 20727436 a multiple of 15?
False
Is 133190057 a multiple of 19?
True
Is 650513352 a multiple of 1842?
True
Does 63 divide 57665491?
False
Does 442 divide 32273956?
True
Is 21000665 a multiple of 976?
False
Is 2524 a factor of 270164131?
False
Is 248800630 a multiple of 70?
False
Is 15 a factor of 1329169567?
False
Is 555 a factor of 164767290?
True
Does 583 divide 332540018?
False
Is 4 a factor of 1323636?
True
Is 1284445169 a multiple of 218?
False
Is 84076273 a multiple of 393?
False
Is 53 a factor of 5736826?
True
Is 95 a factor of 46192325?
True
Does 15 divide 346310087?
False
Is 41357703 a multiple of 229?
False
Is 282 a factor of 33668950?
False
Is 12341 a factor of 2741546517?
False
Is 6 a factor of 1882387884?
True
Is 5955464 a multiple of 9?
False
Is 55 a factor of 718993495?
True
Does 614 divide 57947478?
True
Is 76493571 a multiple of 231?
True
Is 1472 a factor of 173818176?
True
Does 92 divide 6304208?
True
Does 594 divide 2544179220?
True
Does 102 divide 89776032?
False
Does 2657 divide 1630167646?
False
Is 266236578 a multiple of 193?
False
Is 15 a factor of 929994630?
True
Does 298 divide 4686476?
False
Is 53551879 a multiple of 15?
False
Is 2403 a factor of 17193703?
False
Is 1256 a factor of 26372232?
True
Is 2670767 a multiple of 6?
False
Is 46 a factor of 247938317?
False
Does 92 divide 56062132?
True
Is 53 a factor of 294640250?
True
Does 60 divide 45921600?
True
Does 42 divide 1355018658?
True
Is 66922480 a multiple of 395?
True
Does 1314 divide 2313197190?
False
Is 28813591 a multiple of 32?
False
Is 887339544 a multiple of 39?
True
Does 501 divide 25023370?
False
Does 22 divide 2345668710?
True
Does 776 divide 2791402368?
True
Does 566 divide 572785051?
False
Is 586 a factor of 944782703?
False
Is 128595990 a multiple of 510?
True
Does 1046 divide 901363304?
True
Does 1170 divide 173374485?
False
Does 233 divide 16236838?
True
Does 36 divide 6533880?
False
Is 824791278 a multiple of 17?
True
Does 138 divide 8606218?
False
Is 1931475468 a multiple of 404?
False
Is 7920343 a multiple of 3?
False
Is 1052317193 a multiple of 38?
False
Is 215692120 a multiple of 553?
True
Does 423 divide 921997026?
True
Is 2589564 a multiple of 46?
False
Is 2059 a factor of 4804707385?
True
Is 19 a factor of 1768082768?
False
Does 2663 divide 71722579?
True
Is 299392304 a multiple of 79?
True
Does 11 divide 2446720465?
False
Does 3 divide 18596979?
True
Is 144696429 a multiple of 12?
False
Does 41 divide 14528941?
False
Is 9 a factor of 69017958?
True
Is 4439 a factor of 348090287?
False
Does 57 divide 131680987?
False
Is 474666896 a multiple of 226?
True
Is 136286344 a mu